 + x*j - 96. What is the remainder when 43 is divided by d?
1
Suppose -4*c + 16 = 0, 0 = -5*a - 5*c + 484 + 391. Calculate the remainder when 1541 is divided by a.
2
Suppose 56*g - 386 = -k + 24*g, 3*g = 18. Calculate the remainder when k is divided by 5.
4
Let i = -344 - -265. Let s = i - -92. Calculate the remainder when 112 is divided by s.
8
Suppose 4*h - 621 = -5*i + 7*h, -2*h = 4. Suppose -20*a + i = -17*a. What is the remainder when a is divided by 7?
6
Calculate the remainder when 465 is divided by 130/(-546)*-30*(-28)/(-10).
5
Suppose -3*u + 1925 = -5*t - 1341, 10 = 5*t. What is the remainder when 2196 is divided by u?
12
Suppose 0 = -12*t - 7596 + 37320. What is the remainder when t is divided by 155?
152
Let q be 2 + -4 + 4*(-618)/(-8). Suppose -316*u + q*u + 639 = 0. What is the remainder when u is divided by 4?
3
Let z = 53 + 98. Let j = -74 + z. Suppose 7244*h - 7258*h + 378 = 0. What is the remainder when j is divided by h?
23
Suppose 2*z + a - 862 = 169, -523 = -z - 3*a. What is the remainder when z is divided by 137?
103
Suppose 6*h = -12 + 222. Suppose 3*p - 2*p = h. Let a(l) = 10*l - 28. Calculate the remainder when p is divided by a(4).
11
Let a(t) = -6*t - 30. Let i be a(-8). Calculate the remainder when (-12)/(-54) + (2 - (-2516)/i) is divided by 29.
26
Suppose f + 2*s - 50 = 2, 3*s = 3*f - 111. Let b = -4098 + 4113. What is the remainder when f is divided by b?
12
Let i(u) = 5*u**2 + 28*u + 61. What is the remainder when i(-20) is divided by 32?
29
Suppose 2*g = 2*b - 144 - 102, 4*g = -b + 148. Let d = -1136 - -1146. What is the remainder when b is divided by d?
8
Suppose 1640 = -60*z - 220. Let d be 2*(0 + (-82)/(-4)). Let x = d + z. What is the remainder when x is divided by 6?
4
Let p = -2 - -4. Suppose -7*z + 488 = 1244. Calculate the remainder when (-180)/z - (-62)/6 is divided by p.
0
Let a = -72 - 56. Let s = a + 129. Calculate the remainder when s is divided by 1.
0
What is the remainder when 4100 is divided by (-19)/((-3)/(-27)*72/(-24))?
53
Suppose 4*d = 12*d - 1632. Suppose d + 116 = 20*n. What is the remainder when 60 is divided by n?
12
Suppose 138*d - 82*d - 61047 = -133*d. Let k(h) = h**3 - 3*h**2 + 2*h + 3. Calculate the remainder when d is divided by k(3).
8
Let d = 3993 - 3974. Calculate the remainder when 2372 is divided by d.
16
Let n = -15379 + 16110. Calculate the remainder when n is divided by 121.
5
Suppose -34*j + 20 = -796. Calculate the remainder when 402 is divided by j.
18
Calculate the remainder when 227 is divided by 2 - (-769)/5 - 392/490.
72
Let r(t) = 19*t + 19. Let i be r(-5). Let j = 158 + -44. Let p = i + j. Calculate the remainder when p is divided by 13.
12
What is the remainder when -2*-71*(-2)/(-4) is divided by (72/39)/((-237)/(-3081))?
23
Let i(g) = g**3 - 8*g**2 - 2*g + 18. Let q be i(8). Suppose 0 = 3*z + 4*w - 124, 2*z - w - q*w = 77. Calculate the remainder when 78 is divided by z.
38
What is the remainder when 955 is divided by 1/((24/(-12))/(-480))?
235
Let q = 57 + -55. What is the remainder when (q/6)/((-3)/(-198)) is divided by 5?
2
Let r(a) be the second derivative of a**4/12 - 10*a**3/3 + 233*a**2/2 + 10*a. Calculate the remainder when r(12) is divided by 12.
5
Suppose -2*z + z = y - 4, -19 = -3*y + 4*z. Let g be 4*-1 + 470/y. What is the remainder when (24/(-15) - -2)*g is divided by 14?
8
What is the remainder when 1814 is divided by 288/24 + 66/6?
20
Let z = 7946 - -252. What is the remainder when z is divided by 25?
23
Let l = -1 + 18. Suppose -4*m + 96 = 91*d - 87*d, d - 24 = 4*m. Calculate the remainder when d is divided by l.
7
Let p be (-3 + 5/2)*-326. Let k = 173 - p. Calculate the remainder when 419 is divided by k.
9
Let w = -2082 - -2097. Let z = 40 + -2. What is the remainder when z is divided by w?
8
Let s = -118 + 428. Let x = 350 - s. What is the remainder when 113 is divided by x?
33
Let d = -225 - -114. Let i = d + 240. Calculate the remainder when i is divided by 22.
19
Let d = -623 - -1117. Calculate the remainder when d is divided by 165.
164
Let j(v) = -5*v**2 + 84*v + 19. Let s be j(17). Suppose 5*f - 13 = m, -2*m - 4 + s = -4*f. What is the remainder when 8 is divided by m?
1
Let o = 488 + -737. Let w be o/(-21) - (-4)/28. Suppose -4*a + w = -32. What is the remainder when a is divided by 5?
1
Let u = 81 + -33. Let j be 4*5/20 - (6 - 5). Suppose -4*b - 66 = w - 91, -w + 2*b + 13 = j. What is the remainder when u is divided by w?
14
Let v = -12551 + 13299. Calculate the remainder when v is divided by 746.
2
Suppose 167*h - 1027 = 2146. What is the remainder when 66 is divided by h?
9
Suppose -3*i - 17 = -26. Suppose -16*b = -i*b - 2899. Let o = -83 + b. What is the remainder when o is divided by 36?
32
Suppose -7*o - 144 - 150 = 0. Suppose -4*l + 87 = -l. Calculate the remainder when l is divided by 6/(-4)*224/o.
5
Suppose 6*v - 637 + 613 = 0. Suppose 6*u = 3*u. Suppose 0 = 2*r - 2, v*r = 5*m - u*r - 326. Calculate the remainder when m is divided by 17.
15
Let p = -1202 - -1290. What is the remainder when p is divided by 15?
13
Let s(n) be the first derivative of -1 - 27*n - 33/2*n**2. Calculate the remainder when s(-6) is divided by 43.
42
Suppose -2*v + 7 = -z, 0*z = 5*z - 5*v + 10. Let g(q) = -3*q - 7 + q**z + 13*q**2 - 2*q - 6*q - 7*q. What is the remainder when 195 is divided by g(-14)?
48
Suppose 98 + 36 = f + 2*s, -2*f + 272 = 5*s. What is the remainder when f is divided by 53?
20
Let x(n) = 16*n + 32. Let z be x(-2). Suppose z = -3*h + 5*h - a - 203, 0 = -h - 3*a + 105. Calculate the remainder when h is divided by 25.
2
Suppose 5*m - 1385 = -i, -i + 5*m - 375 = -1760. What is the remainder when i is divided by 7?
6
Suppose 28*m + 12*m - 6080 = 0. What is the remainder when 586 is divided by m?
130
Suppose 34 - 1 = 3*w. Let j(a) = 9*a - 41. Let l be j(6). Suppose -4*v - 288 = -l*v. Calculate the remainder when v is divided by w.
10
Suppose g = 3*x - 129, 0 = 4*x + 735*g - 731*g - 140. What is the remainder when 1035 is divided by x?
10
Let n = 20841 - 19900. Calculate the remainder when n is divided by 452.
37
Let x(b) = -b**3 + 38*b**2 + 266*b - 29. What is the remainder when 290 is divided by x(44)?
54
Let q(g) = -g**3 + 11*g**2 + 2*g - 18. Let k(a) = -10*a + 35*a - 5*a**2 - 3 + 2*a**2 + 6. Let j be k(8). Calculate the remainder when 19 is divided by q(j).
3
Let v(o) = 10*o - 2. Let x(h) = -11*h + 3. Let d(q) = -3*v(q) - 2*x(q). Let n = -12215 - -12259. Calculate the remainder when n is divided by d(-2).
12
Let d(f) = -f**3 + 7*f**2 + 13*f - 22. Let m be d(11). Let v = m - -386. Calculate the remainder when 36 is divided by v.
13
Suppose -64 + 156 = 2*o. What is the remainder when 4*6/(-6) - -1*o is divided by 15?
12
Let b be ((-43)/4 - (-30)/40)/(-2). Suppose -4*j + 98 = -b*x, -x - 11 = -2*j + 41. What is the remainder when j is divided by (-6)/(-3)*(-1 + 8)?
13
Suppose -16 = f - 14. Let q be (f/(-4))/((-7)/(-56)). What is the remainder when 1 - -69 - (q - 2) is divided by 23?
22
Let t(d) = -17*d**2 + 3381*d + 446. Suppose -1 = -2*p - 5. Calculate the remainder when (2/p - 0) + 95 is divided by t(199).
46
Let a = -53 + 54. Suppose -a = -9*w + 62. Suppose 334 = w*y + 103. What is the remainder when y is divided by 18?
15
Let b = 4483 - 4302. Calculate the remainder when b is divided by 13.
12
Let s(b) = -468*b - 5141. What is the remainder when (-3 + 4)/1 - -122 is divided by s(-11)?
4
Suppose 0 = -9*a + 20 + 169. Suppose 0 = a*f - 276 - 60. What is the remainder when 58 is divided by f?
10
Suppose 0 = 3*v + 2*s - 79, -744*s + 748*s - 104 = -4*v. Calculate the remainder when 1137 is divided by v.
3
Suppose -4*h = 4*k - 5*h - 224, k - 4*h = 71. Calculate the remainder when 484 is divided by k.
44
Let q(j) = -3*j - 3. Let p be q(-8). Suppose 18*u = p*u + 243. Let g = u + 101. What is the remainder when g is divided by 3?
2
Let i = 6 - -2. Suppose 4*z - i*z = -96. Calculate the remainder when (-83 - (-2 + 2))/(23 - z) is divided by 12.
11
Let g = 36358 + -35352. What is the remainder when g is divided by 44?
38
Let z(b) = -18*b - 110. Let v be (-141)/21 - (-7)/(490/(-20)). What is the remainder when 29 is divided by z(v)?
13
Suppose 4*c + 4*v = 1056, -7*v + 284 = c - 2*v. Calculate the remainder when 458 is divided by c/5 + 96/(-120).